s 45d - 7?
456
In base 16, what is 678 + a?
682
In base 2, what is 10110000010001 + -101001?
10101111101000
In base 8, what is 123 + -24137?
-24014
In base 2, what is 100 - 110110110001001000?
-110110110001000100
In base 13, what is 24 - 591?
-56a
In base 5, what is 1332 - -14?
1401
In base 12, what is -37b + 9a?
-2a1
In base 3, what is 12 - -2010122000112?
2010122000201
In base 5, what is -10 + 11241303?
11241243
In base 16, what is 3 - -3e5?
3e8
In base 16, what is -5 + 504bc?
504b7
In base 12, what is -5 + -920?
-925
In base 14, what is -15ab90 + -3?
-15ab93
In base 7, what is -33 - 1143?
-1206
In base 14, what is -1 - 330d?
-3310
In base 2, what is 11100010110111101000 - -1?
11100010110111101001
In base 8, what is -4 + -1007151?
-1007155
In base 2, what is -1000101001011001010 - 10?
-1000101001011001100
In base 7, what is -5 + -505262?
-505300
In base 15, what is 5 - 60d3?
-60cd
In base 14, what is 2161 + 126?
2287
In base 15, what is -19 + -1ebd?
-1ed7
In base 8, what is 5 + -515745?
-515740
In base 10, what is -13 - -4337?
4324
In base 9, what is -4 + 1423?
1418
In base 13, what is -1981b + -2?
-19820
In base 2, what is -10000100001 - 11010011?
-10011110100
In base 5, what is 2 + -2313423?
-2313421
In base 7, what is 4 + -44306?
-44302
In base 12, what is 5a86 - 17?
5a6b
In base 4, what is 1 + 331113?
331120
In base 7, what is 3 - -304540?
304543
In base 10, what is -3 - -288872?
288869
In base 15, what is -7 - -c2b?
c24
In base 11, what is 4676 - -5?
4680
In base 5, what is 2 + 4441044?
4441101
In base 7, what is 3050 - -1364?
4444
In base 7, what is -3 + 44203?
44200
In base 6, what is 111 + -5421?
-5310
In base 10, what is -3 - -15021?
15018
In base 13, what is -19 - bb5?
-c01
In base 14, what is -5b - 6b0?
-72b
In base 9, what is -651 - -267?
-373
In base 12, what is 209 + 38?
245
In base 12, what is 419 - -a0b?
1228
In base 16, what is -6 - 11b08?
-11b0e
In base 6, what is -1025 + -10023?
-11052
In base 5, what is 10 + -4124303?
-4124243
In base 9, what is -4 - -74531?
74526
In base 4, what is -333 + 3222?
2223
In base 14, what is -717 + -19?
-732
In base 2, what is 100 + 111010010110?
111010011010
In base 16, what is -12fd4 + -2?
-12fd6
In base 5, what is -30240 - 3?
-30243
In base 5, what is -23131 - -3?
-23123
In base 10, what is 445 - 1240?
-795
In base 16, what is 23ad1 + -1e?
23ab3
In base 2, what is -100100001 - -100111010001?
100010110000
In base 14, what is -6063 - 0?
-6063
In base 13, what is 2772 - 5?
276a
In base 3, what is -11102101110 + -1210?
-11102110020
In base 9, what is 6336 + 52?
6388
In base 16, what is -4 + 68db2?
68dae
In base 7, what is 214 - -31023?
31240
In base 4, what is -2 - 2133212?
-2133220
In base 14, what is -1c - -96c4?
96a6
In base 10, what is -4 - -3109?
3105
In base 5, what is 3 - -1144203?
1144211
In base 2, what is -1000000110001011 + -1001101?
-1000000111011000
In base 13, what is 5 + -181127?
-181122
In base 13, what is -242 - ba?
-32c
In base 14, what is -122 - -129?
7
In base 10, what is 197948 + -10?
197938
In base 3, what is -11 + 101121122212?
101121122201
In base 4, what is 123311 - -122?
130033
In base 13, what is -3 - -4318bb?
4318b8
In base 8, what is -5042 + -1?
-5043
In base 11, what is -11018 - 75?
-11092
In base 16, what is -3a34 + 4?
-3a30
In base 16, what is -1c9 + -13?
-1dc
In base 5, what is -30 - -30421?
30341
In base 6, what is 442214 - 5?
442205
In base 10, what is -1969 - -33?
-1936
In base 2, what is 11000001110111 - -101110?
11000010100101
In base 15, what is -1 + 502d?
502c
In base 2, what is -100 - 10001100110100100111?
-10001100110100101011
In base 2, what is 1010101000 - 10001?
1010010111
In base 7, what is -1 + 330342?
330341
In base 6, what is -1030025 - 333?
-1030402
In base 4, what is 210010 + 0?
210010
In base 16, what is -15c8b + -4?
-15c8f
In base 7, what is 353230 - -3?
353233
In base 14, what is 2459 - -8?
2463
In base 11, what is 11a3 + 273?
1466
In base 8, what is 126 + 1?
127
In base 9, what is -317114 + -35?
-317150
In base 4, what is 101121 - -20?
101201
In base 13, what is 0 + 145c4?
145c4
In base 10, what is 162 - -2460?
2622
In base 16, what is 49fa + 1?
49fb
In base 4, what is -33303021 - -22?
-33302333
In base 3, what is -1201112 + -20?
-1201202
In base 4, what is -1030 + 11120?
10030
In base 6, what is 340 - 442?
-102
In base 7, what is 0 + 234550?
234550
In base 6, what is -1153 - 31?
-1224
In base 8, what is -5 + -6733?
-6740
In base 4, what is -22133310 - 2?
-22133312
In base 12, what is 289 + -2b2?
-25
In base 4, what is -10 + 2221101031?
2221101021
In base 12, what is -4bb22 + -5?
-4bb27
In base 6, what is 2102 + 2341?
4443
In base 16, what is -8 + -1b5f?
-1b67
In base 5, what is -1441120114 + -3?
-1441120122
In base 5, what is -1111222 - -100?
-1111122
In base 8, what is -10 + -1323667?
-1323677
In base 7, what is -352122 - -13?
-352106
In base 7, what is 56015 - 3?
56012
In base 2, what is 1011010 + -1100000101100?
-1011111010010
In base 5, what is 124 + 3112?
3241
In base 8, what is -27 + -7550?
-7577
In base 3, what is 21201222 - 12?
21201210
In base 10, what is 0 - -11164?
11164
In base 11, what is -35 - -14145?
14110
In base 4, what is 1012201 + -300?
1011301
In base 14, what is 72 + 6882?
6914
In base 5, what is 214010 - -121?
214131
In base 13, what is 61c9 + -23?
61a6
In base 16, what is -1abd5 + 5?
-1abd0
In base 3, what is -2 + -11021222010?
-11021222012
In base 14, what is 5 - -14595a?
145961
In base 16, what is 3 + -7e39?
-7e36
In base 10, what is 136 - -6291?
6427
In base 13, what is -1601 + a?
-15c4
In base 12, what is -1763548 + 5?
-1763543
In base 15, what is -3 - -1a1aa4?
1a1aa1
In base 3, what is 2 - -1012001120?
1012001122
In base 10, what is 5 - 60537?
-60532
In base 3, what is 11000 - -1000212102?
1001000102
In base 9, what is 151808 + -6?
151802
In base 9, what is 1 - -71868?
71870
In base 8, what is -147355 - -15?
-147340
In base 14, what is 1d - -1d?
3c
In base 9, what is 15 - 100682?
-100666
In base 11, what is 2968978 + -3?
2968975
In base 3, what is 1000112222 + 112?
1000120111
In base 15, what is -9 - 8e2?
-8eb
In base 8, what is -466560 + -27?
-466607
In base 2, what is 101111 - 1111111100101?
-1111110110110
In base 6, what is 2 - 415003?
-415001
In base 10, what is 4974 - -175?
5149
In base 2, what is -1001010101010001 + -10100?
-1001010101100101
In base 3, what is -210212 + -1020?
-212002
In base 8, what is -16655 - 13?
-16670
In base 3, what is -10101000 - 1?
-10101001
In base 14, what is 3a + -5d13?
-5cb7
In base 3, what is -21 + 101020122021?
101020122000
In base 10, what is -74758 + 4?
-74754
In base 2, what is 11100000 + -10010101111?
-1111001111
In base 11, what is -7 + 27309a?
273093
In base 15, what is 4c - 4dc?
-490
In base 6, what is 533335 + 0?
533335
In base 8, what is 11 + -62070?
-62057
In base 4, what is -110 + 1300110?
1300000
In base 11, what is 5 + 12660?
12665
In base 7, what is 0 - 460020?
-460020
In base 13, what is -1164 - 10a?
-1271
In base 7, what is 110364 - -4?
110401
In base 3, what is 1200101 - -20120?
1220221
In base 4, what is -2133 - -20130?
11331
In base 11, what is 2483 - 12?
2471
In base 12, what is 26892 - 11?
26881
In base 7, what is 3 - 36045?
-36042
In base 4, what is 223 + 102011?
102300
In base 5, what is -21 - 3301120?
-3301141
In base 15, what is 0 - 37e6?
-37e6
In base 10, what is 4547 + -7?
4540
In base 15, what is 5 - -2c25?
2c2a
In base 16, what is 391cce + 0?
391cce
In base 13, what is 2 - 51110?
-5110b
In base 11, what is 19485 - 2?
19483
In base 6, what is -10 + 53545?
53535
In base 16, what is 704ad + 4?
704b1
In base 3, what is -2102120112210 - -12?
-2102120112121
In base 8, what is -3733 + -237?
-4172
In base 9, what is 2850288 + -1?
2850287
In base 12, what is 17435 + -3?
17432
In base 7, what is -1003 - 55?
-1061
In base 6, what is -2042440 - -3?
-2042433
In base 8, what is -102740 - -72?
-102646
In base 12, what is 14 - 4b7?
-4a3
In base 10, what is -588 - -167?
-421
In base 15, what is -58100 - 3?
-58103
In base 8, what is -6277657 - -1?
-6277656
In base 5, what is -34 + 1431?
1342
In base 7, what is -20 - -2323?
2303
In base 8, what is -1 + -40762?
-40763
In base 9, what is -51 + 3833?
3772
In base 7, what is 513 - 50?
433
In base 3, what is 1012110